{"id":3556,"date":"2020-09-01T10:29:48","date_gmt":"2020-09-01T08:29:48","guid":{"rendered":"http:\/\/www.clg-moliere-ivry.fr\/?page_id=3556"},"modified":"2021-09-06T12:15:06","modified_gmt":"2021-09-06T10:15:06","slug":"pronote-2","status":"publish","type":"page","link":"https:\/\/www.clg-moliere-ivry.fr\/?page_id=3556","title":{"rendered":"Pronote"},"content":{"rendered":"\n<h3 class=\"has-text-align-center wp-block-heading\">Cliquer sur l&rsquo;image pour acc\u00e8der \u00e0 Pronote<\/h3>\n\n\n\n<p class=\"has-text-align-center\"><a href=\"https:\/\/0941026e.index-education.net\/pronote\/\"><img loading=\"lazy\" decoding=\"async\" width=\"150\" height=\"105\" class=\"wp-image-93\" style=\"width: 150px;\" src=\"http:\/\/www.clg-moliere-ivry.fr\/wp-content\/uploads\/2018\/05\/PRONOTE-EspacesPRONOTE.png\" alt=\"\"><\/a><\/p>\n\n\n\n<div class=\"wp-block-columns is-layout-flex wp-container-core-columns-is-layout-1 wp-block-columns-is-layout-flex\">\n<div class=\"wp-block-column is-layout-flow wp-block-column-is-layout-flow\">\n<h4 class=\"wp-block-heading\">Se connecter \u00e0 l&rsquo;espace famille<\/h4>\n\n\n\n<figure class=\"wp-block-embed-vimeo wp-block-embed is-type-video is-provider-vimeo wp-embed-aspect-16-9 wp-has-aspect-ratio\"><div class=\"wp-block-embed__wrapper\">\n<iframe loading=\"lazy\" title=\"Se connecter &amp;agrave; PRONOTE\" src=\"https:\/\/player.vimeo.com\/video\/358768871?dnt=1&amp;app_id=122963&amp;h=af8e2c33ec\" width=\"1140\" height=\"641\" frameborder=\"0\" allow=\"autoplay; fullscreen; picture-in-picture\" allowfullscreen><\/iframe>\n<\/div><\/figure>\n\n\n\n<h4 class=\"wp-block-heading\">Justifier une absence<\/h4>\n\n\n\n<figure class=\"wp-block-embed-vimeo wp-block-embed is-type-video is-provider-vimeo wp-embed-aspect-16-9 wp-has-aspect-ratio\"><div class=\"wp-block-embed__wrapper\">\n<iframe loading=\"lazy\" title=\"Justifier une absence\" src=\"https:\/\/player.vimeo.com\/video\/112908276?dnt=1&amp;app_id=122963&amp;h=d1428e8baa\" width=\"1140\" height=\"641\" frameborder=\"0\" allow=\"autoplay; fullscreen; picture-in-picture\" allowfullscreen><\/iframe>\n<\/div><\/figure>\n<\/div>\n\n\n\n<div class=\"wp-block-column is-layout-flow wp-block-column-is-layout-flow\">\n<h4 class=\"wp-block-heading\">D\u00e9couvrir l&rsquo;espace famille<\/h4>\n\n\n\n<figure class=\"wp-block-embed-vimeo wp-block-embed is-type-video is-provider-vimeo wp-embed-aspect-16-9 wp-has-aspect-ratio\"><div class=\"wp-block-embed__wrapper\">\n<iframe loading=\"lazy\" title=\"D&amp;eacute;couvrir l&#039;Espace Parents\" src=\"https:\/\/player.vimeo.com\/video\/328626162?dnt=1&amp;app_id=122963&amp;h=0db764aedb\" width=\"1140\" height=\"641\" frameborder=\"0\" allow=\"autoplay; fullscreen; picture-in-picture\" allowfullscreen><\/iframe>\n<\/div><\/figure>\n<\/div>\n<\/div>\n\n\n\n<p>(Tourner les pages en cliquant sur les fl\u00e8ches ci-dessous.)<\/p>\n\n\n<a href=\"https:\/\/www.clg-moliere-ivry.fr\/wp-content\/uploads\/2020\/09\/Tuto-Eleves-Parents-Pronote-Couleurs.pdf\" class=\"pdfemb-viewer\" style=\"\" data-width=\"max\" data-height=\"max\" data-toolbar=\"top\" data-toolbar-fixed=\"on\">Tuto-Eleves-Parents-Pronote-Couleurs<\/a>\n<p class=\"wp-block-pdfemb-pdf-embedder-viewer\"><\/p>\n\n\n\n<p><\/p>\n","protected":false},"excerpt":{"rendered":"<p>Cliquer sur l&rsquo;image pour acc\u00e8der \u00e0 Pronote Se connecter \u00e0 l&rsquo;espace famille Justifier une absence D\u00e9couvrir l&rsquo;espace famille (Tourner les pages en cliquant sur les fl\u00e8ches ci-dessous.)<\/p>\n","protected":false},"author":1,"featured_media":96,"parent":0,"menu_order":0,"comment_status":"closed","ping_status":"closed","template":"","meta":{"footnotes":""},"class_list":["post-3556","page","type-page","status-publish","has-post-thumbnail","czr-hentry"],"_links":{"self":[{"href":"https:\/\/www.clg-moliere-ivry.fr\/index.php?rest_route=\/wp\/v2\/pages\/3556"}],"collection":[{"href":"https:\/\/www.clg-moliere-ivry.fr\/index.php?rest_route=\/wp\/v2\/pages"}],"about":[{"href":"https:\/\/www.clg-moliere-ivry.fr\/index.php?rest_route=\/wp\/v2\/types\/page"}],"author":[{"embeddable":true,"href":"https:\/\/www.clg-moliere-ivry.fr\/index.php?rest_route=\/wp\/v2\/users\/1"}],"replies":[{"embeddable":true,"href":"https:\/\/www.clg-moliere-ivry.fr\/index.php?rest_route=%2Fwp%2Fv2%2Fcomments&post=3556"}],"version-history":[{"count":13,"href":"https:\/\/www.clg-moliere-ivry.fr\/index.php?rest_route=\/wp\/v2\/pages\/3556\/revisions"}],"predecessor-version":[{"id":3873,"href":"https:\/\/www.clg-moliere-ivry.fr\/index.php?rest_route=\/wp\/v2\/pages\/3556\/revisions\/3873"}],"wp:featuredmedia":[{"embeddable":true,"href":"https:\/\/www.clg-moliere-ivry.fr\/index.php?rest_route=\/wp\/v2\/media\/96"}],"wp:attachment":[{"href":"https:\/\/www.clg-moliere-ivry.fr\/index.php?rest_route=%2Fwp%2Fv2%2Fmedia&parent=3556"}],"curies":[{"name":"wp","href":"https:\/\/api.w.org\/{rel}","templated":true}]}}